e?
True
Is 110403193 prime?
False
Is 211516243879 composite?
False
Is 148066809437 prime?
True
Is 821840387 a composite number?
True
Is 909935333 composite?
False
Is 82254791 a prime number?
False
Is 80386311559 composite?
False
Is 1245298157 a composite number?
True
Is 2371653181 a composite number?
True
Is 4163315179 a composite number?
True
Is 24802327153 composite?
True
Is 1678562029 composite?
True
Is 178870147 a prime number?
False
Is 40260265961 a prime number?
True
Is 37553559803 a composite number?
True
Is 434394989 prime?
False
Is 5125396909 composite?
False
Is 188364215731 composite?
False
Is 12640488317 prime?
True
Is 6176457851 a composite number?
True
Is 231130733 a composite number?
False
Is 1354468099 a prime number?
True
Is 6640585421 a composite number?
False
Is 2492906939 a composite number?
True
Is 1297010809 a prime number?
True
Is 7338840787 a prime number?
True
Is 92236039174 a composite number?
True
Is 756557519 a composite number?
False
Is 58354767589 a prime number?
True
Is 23053406891 composite?
True
Is 3578241543 prime?
False
Is 567953683 prime?
False
Is 9728814523 prime?
True
Is 11443933813 composite?
True
Is 1180938233 composite?
True
Is 3110681326 a prime number?
False
Is 1022357069 a prime number?
False
Is 31292943373 a prime number?
True
Is 17448096773 a composite number?
False
Is 3646352135 a prime number?
False
Is 49357961573 a composite number?
False
Is 1407389131 composite?
False
Is 25894733 a prime number?
True
Is 19486506137 a prime number?
False
Is 84841487243 prime?
True
Is 73965827227 a prime number?
False
Is 6977070497 composite?
False
Is 2384126497 a composite number?
False
Is 441549851 a prime number?
True
Is 801255349 prime?
True
Is 15490627007 a composite number?
True
Is 12318976427 composite?
False
Is 40748252507 composite?
False
Is 997471757 a prime number?
False
Is 1781342111 prime?
False
Is 104133607 a composite number?
True
Is 470721985 composite?
True
Is 2003660221 composite?
False
Is 3088251017 a composite number?
False
Is 2723772587 composite?
False
Is 1090325303 a composite number?
False
Is 1126304293 a prime number?
False
Is 9920832067 prime?
True
Is 482707573 a composite number?
False
Is 7563415439 composite?
False
Is 23794995271 composite?
False
Is 741118661 a prime number?
False
Is 76304941 composite?
False
Is 335043800659 prime?
False
Is 1168411901 a prime number?
True
Is 124052951443 a prime number?
False
Is 894715823 a composite number?
False
Is 1511712473 a prime number?
False
Is 407161033 composite?
True
Is 740520377 a composite number?
False
Is 644792737 a composite number?
True
Is 87048375761 a composite number?
False
Is 106623353567 prime?
True
Is 1864954163 composite?
False
Is 765823129 a composite number?
True
Is 4918288373 a prime number?
False
Is 6630140303 composite?
False
Is 4394561 composite?
False
Is 169606511 a composite number?
False
Is 60689008789 prime?
False
Is 750268243 a composite number?
False
Is 16529207381 prime?
False
Is 2529232393 composite?
True
Is 30925816967 prime?
False
Is 10254989579 prime?
False
Is 24445191367 a composite number?
False
Is 15464180807 a composite number?
True
Is 3702286997 a composite number?
True
Is 4371843181 a prime number?
False
Is 36778925819 a composite number?
True
Is 1468404317 a prime number?
True
Is 89330814401 prime?
True
Is 95330287 composite?
True
Is 93936545 a composite number?
True
Is 12263315419 a composite number?
False
Is 159009133 composite?
True
Is 919679423 prime?
False
Is 221005053817 a composite number?
False
Is 32489560163 prime?
True
Is 72442421 composite?
True
Is 986453189 composite?
True
Is 281381131 prime?
False
Is 851192143 a composite number?
False
Is 2636843861 a composite number?
False
Is 31088297371 a composite number?
False
Is 79750440541 a composite number?
False
Is 1385081746 prime?
False
Is 1416099679 composite?
False
Is 13406120503 prime?
True
Is 31745737 prime?
False
Is 835123391 a prime number?
False
Is 2981502817 prime?
False
Is 15806988863 a composite number?
False
Is 2201797319 prime?
False
Is 2460256321 prime?
True
Is 1003402243 a prime number?
True
Is 59411249 composite?
False
Is 2552335771 a prime number?
True
Is 8557255543 a prime number?
True
Is 31922985901 a prime number?
True
Is 1589722181 a composite number?
False
Is 25286513423 a composite number?
False
Is 1884157783 a composite number?
True
Is 22502159 a composite number?
False
Is 571300012447 a composite number?
False
Is 209472887821 a prime number?
True
Is 155026993931 a composite number?
False
Is 120973429 a composite number?
False
Is 1787826737 composite?
False
Is 6188323859 composite?
False
Is 2930676806 composite?
True
Is 81361751 composite?
False
Is 1140435391 a composite number?
True
Is 786134617 a prime number?
True
Is 717051562 a prime number?
False
Is 15754517215 a composite number?
True
Is 574113803 a prime number?
False
Is 115680289 composite?
False
Is 29074730309 prime?
True
Is 8257875733 prime?
True
Is 1745617789 a composite number?
False
Is 3729268399 a composite number?
False
Is 7082261807 composite?
True
Is 218467919 a composite number?
False
Is 76290002597 prime?
True
Is 4694012503 composite?
False
Is 4847990197 prime?
False
Is 238294631 a composite number?
True
Is 12805136297 a prime number?
False
Is 3473518063 composite?
False
Is 1264075163 a prime number?
False
Is 10637577131 a prime number?
True
Is 6143639891 composite?
False
Is 141006076027 a prime number?
False
Is 11786040059 composite?
False
Is 1658155357 composite?
False
Is 653004403 a prime number?
True
Is 9192669047 composite?
True
Is 1816279917 prime?
False
Is 54067826903 a prime number?
False
Is 475767517 prime?
True
Is 27505666219 a prime number?
False
Is 14150314765 a composite number?
True
Is 13077646633 a composite number?
True
Is 111761127257 a prime number?
False
Is 24853812469 composite?
False
Is 1316228897 a prime number?
True
Is 4105466159 composite?
False
Is 67314523 a prime number?
False
Is 75188960207 prime?
True
Is 57409093763 composite?
True
Is 187829173 composite?
True
Is 9446525603 a composite number?
True
Is 1369581133 a prime number?
True
Is 4365891469 prime?
True
Is 29538313253 a prime number?
True
Is 14143233437 a composite number?
False
Is 146278348351 a prime number?
True
Is 71822430973 a composite number?
False
Is 607284011 a prime number?
False
Is 36025277 composite?
True
Is 157291909 a prime number?
False
Is 47538370783 prime?
True
Is 6344380101 composite?
True
Is 808281193 a prime number?
True
Is 10609944637 composite?
True
Is 1544450065 a prime number?
False
Is 9843252137 a composite number?
True
Is 141527772881 prime?
False
Is 700680679 a composite number?
False
Is 53764538551 composite?
False
Is 9009197497 composite?
True
Is 40678277609 composite?
False
Is 887816711 a composite number?
True
Is 593513771 prime?
True
Is 10679516387 a composite number?
False
Is 8870279629 prime?
False
Is 20344443503 composite?
False
Is 6729626773 a composite number?
False
Is 11903274307 prime?
True
Is 24992313 composite?
True
Is 4046207749 a composite number?
False
Is 6416359099 a composite number?
False
Is 2279154279 a prime number?
False
Is 3285616141 composite?
False
Is 13779011129 composite?
True
Is 278869507 prime?
False
Is 343233701 composite?
False
Is 14114327 composite?
True
Is 50314567 a prime number?
False
Is 1215419351 prime?
False
Is 13216107173 prime?
False
Is 18700773391 a composite number?
False
Is 166023666751 a composite number?
True
Is 23726045183 composite?
False
Is 1586022127 prime?
False
Is 677816119 prime?
True
Is 55672176341 a composite number?
False
Is 158531311 a composite number?
False
Is 1347026249 composite?
True
Is 1753670551 a composite number?
False
Is 4125400417 a composite number?
False
Is 10367355013 a prime number?
True
Is 7322120209 a prime number?
True
Is 56599261 a prime number?
False
Is 2452829455 a prime number?
False
Is 502913647 a prime number?
False
Is 3203912923 a prime number?
False
Is 6182448253 composite?
False
Is 2315722019 a composite number?
True
Is 284332809065 a composite number?
True
Is 26942497149 prime?
False
Is 1418923301 composite?
False
Is 36228720167 prime?
True
Is 40613988487 prime?
False
Is 99526235 a composite number?
True
Is 3850354097 a composite number?
False
Is 673818949 com